{"id":179,"date":"2014-06-02T16:23:55","date_gmt":"2014-06-02T14:23:55","guid":{"rendered":"http:\/\/montage-allgaeu.de\/?page_id=179"},"modified":"2015-06-10T15:40:35","modified_gmt":"2015-06-10T13:40:35","slug":"pv-anlagen-2014","status":"publish","type":"page","link":"http:\/\/montage-allgaeu.de\/?page_id=179","title":{"rendered":"PV Anlagen 2014"},"content":{"rendered":"<p>&nbsp;<\/p>\n<p><a href=\"http:\/\/montage-allgaeu.de\/wp-content\/uploads\/2014\/06\/20140404_1651491.jpg\" rel=\"lightbox-0\"><img loading=\"lazy\" decoding=\"async\" class=\"aligncenter size-large wp-image-299\" src=\"http:\/\/montage-allgaeu.de\/wp-content\/uploads\/2014\/06\/20140404_1651491-1024x576.jpg\" alt=\"20140404_165149\" width=\"750\" height=\"422\" srcset=\"http:\/\/montage-allgaeu.de\/wp-content\/uploads\/2014\/06\/20140404_1651491-1024x576.jpg 1024w, http:\/\/montage-allgaeu.de\/wp-content\/uploads\/2014\/06\/20140404_1651491-300x169.jpg 300w\" sizes=\"auto, (max-width: 750px) 100vw, 750px\" \/><\/a><\/p>\n<div id=\"attachment_300\" style=\"width: 760px\" class=\"wp-caption aligncenter\"><a href=\"http:\/\/montage-allgaeu.de\/wp-content\/uploads\/2014\/06\/20140404_1634361.jpg\" rel=\"lightbox-1\"><img loading=\"lazy\" decoding=\"async\" aria-describedby=\"caption-attachment-300\" class=\"size-large wp-image-300\" src=\"http:\/\/montage-allgaeu.de\/wp-content\/uploads\/2014\/06\/20140404_1634361-1024x576.jpg\" alt=\"157,5 kWp Ost\/ West  Montage Flachdach in Kirchdorf \" width=\"750\" height=\"422\" srcset=\"http:\/\/montage-allgaeu.de\/wp-content\/uploads\/2014\/06\/20140404_1634361-1024x576.jpg 1024w, http:\/\/montage-allgaeu.de\/wp-content\/uploads\/2014\/06\/20140404_1634361-300x169.jpg 300w\" sizes=\"auto, (max-width: 750px) 100vw, 750px\" \/><\/a><p id=\"caption-attachment-300\" class=\"wp-caption-text\">157,5 kWp Ost\/ West<br \/>Montage Flachdach<br \/>in Kirchdorf<\/p><\/div>\n<p><a href=\"http:\/\/montage-allgaeu.de\/wp-content\/uploads\/2014\/06\/2014-06-28-913.jpg\" rel=\"lightbox-2\"><img loading=\"lazy\" decoding=\"async\" class=\"aligncenter size-large wp-image-298\" src=\"http:\/\/montage-allgaeu.de\/wp-content\/uploads\/2014\/06\/2014-06-28-913-1024x768.jpg\" alt=\"2014-06-28-913\" width=\"750\" height=\"563\" srcset=\"http:\/\/montage-allgaeu.de\/wp-content\/uploads\/2014\/06\/2014-06-28-913-1024x768.jpg 1024w, http:\/\/montage-allgaeu.de\/wp-content\/uploads\/2014\/06\/2014-06-28-913-300x225.jpg 300w\" sizes=\"auto, (max-width: 750px) 100vw, 750px\" \/><\/a><\/p>\n<div id=\"attachment_297\" style=\"width: 760px\" class=\"wp-caption aligncenter\"><a href=\"http:\/\/montage-allgaeu.de\/wp-content\/uploads\/2014\/06\/2014-06-26-908.jpg\" rel=\"lightbox-3\"><img loading=\"lazy\" decoding=\"async\" aria-describedby=\"caption-attachment-297\" class=\"size-large wp-image-297\" src=\"http:\/\/montage-allgaeu.de\/wp-content\/uploads\/2014\/06\/2014-06-26-908-1024x768.jpg\" alt=\"29,43 kWp B\u00e4ckerei K\u00e4stele in Bobingen Verteilt auf drei D\u00e4chern\" width=\"750\" height=\"563\" srcset=\"http:\/\/montage-allgaeu.de\/wp-content\/uploads\/2014\/06\/2014-06-26-908-1024x768.jpg 1024w, http:\/\/montage-allgaeu.de\/wp-content\/uploads\/2014\/06\/2014-06-26-908-300x225.jpg 300w\" sizes=\"auto, (max-width: 750px) 100vw, 750px\" \/><\/a><p id=\"caption-attachment-297\" class=\"wp-caption-text\">29,43 kWp<br \/>B\u00e4ckerei K\u00e4stele<br \/>in Bobingen<br \/>Verteilt auf drei D\u00e4chern<\/p><\/div>\n<div id=\"attachment_301\" style=\"width: 760px\" class=\"wp-caption aligncenter\"><a href=\"http:\/\/montage-allgaeu.de\/wp-content\/uploads\/2014\/06\/IMG_0245.jpg\" rel=\"lightbox-4\"><img loading=\"lazy\" decoding=\"async\" aria-describedby=\"caption-attachment-301\" class=\"size-large wp-image-301\" src=\"http:\/\/montage-allgaeu.de\/wp-content\/uploads\/2014\/06\/IMG_0245-1024x768.jpg\" alt=\"31,2 Kwp Ost\/West Flachdach in Mindelheim\" width=\"750\" height=\"563\" srcset=\"http:\/\/montage-allgaeu.de\/wp-content\/uploads\/2014\/06\/IMG_0245-1024x768.jpg 1024w, http:\/\/montage-allgaeu.de\/wp-content\/uploads\/2014\/06\/IMG_0245-300x225.jpg 300w\" sizes=\"auto, (max-width: 750px) 100vw, 750px\" \/><\/a><p id=\"caption-attachment-301\" class=\"wp-caption-text\">31,2 Kwp Ost\/West Flachdach in Mindelheim<\/p><\/div>\n<p><a href=\"http:\/\/montage-allgaeu.de\/wp-content\/uploads\/2014\/06\/IMG_0248.jpg\" rel=\"lightbox-5\"><img loading=\"lazy\" decoding=\"async\" class=\"aligncenter size-large wp-image-302\" src=\"http:\/\/montage-allgaeu.de\/wp-content\/uploads\/2014\/06\/IMG_0248-1024x768.jpg\" alt=\"IMG_0248\" width=\"750\" height=\"563\" srcset=\"http:\/\/montage-allgaeu.de\/wp-content\/uploads\/2014\/06\/IMG_0248-1024x768.jpg 1024w, http:\/\/montage-allgaeu.de\/wp-content\/uploads\/2014\/06\/IMG_0248-300x225.jpg 300w\" sizes=\"auto, (max-width: 750px) 100vw, 750px\" \/><\/a><\/p>\n<div id=\"attachment_306\" style=\"width: 760px\" class=\"wp-caption aligncenter\"><a href=\"http:\/\/montage-allgaeu.de\/wp-content\/uploads\/2014\/06\/IMG_1167.jpg\" rel=\"lightbox-6\"><img loading=\"lazy\" decoding=\"async\" aria-describedby=\"caption-attachment-306\" class=\"size-large wp-image-306\" src=\"http:\/\/montage-allgaeu.de\/wp-content\/uploads\/2014\/06\/IMG_1167-1024x1024.jpg\" alt=\"18 Kwp Gla\u00dfmodule  in Diepolz\" width=\"750\" height=\"750\" srcset=\"http:\/\/montage-allgaeu.de\/wp-content\/uploads\/2014\/06\/IMG_1167-1024x1024.jpg 1024w, http:\/\/montage-allgaeu.de\/wp-content\/uploads\/2014\/06\/IMG_1167-150x150.jpg 150w, http:\/\/montage-allgaeu.de\/wp-content\/uploads\/2014\/06\/IMG_1167-300x300.jpg 300w\" sizes=\"auto, (max-width: 750px) 100vw, 750px\" \/><\/a><p id=\"caption-attachment-306\" class=\"wp-caption-text\">18 Kwp Gla\u00dfmodule<br \/>in Diepolz<\/p><\/div>\n<div id=\"attachment_308\" style=\"width: 760px\" class=\"wp-caption aligncenter\"><a href=\"http:\/\/montage-allgaeu.de\/wp-content\/uploads\/2014\/06\/20140409_1943532.jpg\" rel=\"lightbox-7\"><img loading=\"lazy\" decoding=\"async\" aria-describedby=\"caption-attachment-308\" class=\"size-large wp-image-308\" src=\"http:\/\/montage-allgaeu.de\/wp-content\/uploads\/2014\/06\/20140409_1943532-1024x576.jpg\" alt=\"31,5 Kwp Blechdach inkl. Maderschutz in Mattsies Gasthaus Schafh\u00e4utl\" width=\"750\" height=\"422\" srcset=\"http:\/\/montage-allgaeu.de\/wp-content\/uploads\/2014\/06\/20140409_1943532-1024x576.jpg 1024w, http:\/\/montage-allgaeu.de\/wp-content\/uploads\/2014\/06\/20140409_1943532-300x169.jpg 300w\" sizes=\"auto, (max-width: 750px) 100vw, 750px\" \/><\/a><p id=\"caption-attachment-308\" class=\"wp-caption-text\">31,5 Kwp Blechdach<br \/>inkl. Maderschutz<br \/>in Mattsies Gasthaus Schafh\u00e4utl<\/p><\/div>\n<div id=\"attachment_304\" style=\"width: 760px\" class=\"wp-caption aligncenter\"><a href=\"http:\/\/montage-allgaeu.de\/wp-content\/uploads\/2014\/06\/20140320_094948.jpg\" rel=\"lightbox-8\"><img loading=\"lazy\" decoding=\"async\" aria-describedby=\"caption-attachment-304\" class=\"size-large wp-image-304\" src=\"http:\/\/montage-allgaeu.de\/wp-content\/uploads\/2014\/06\/20140320_094948-1024x576.jpg\" alt=\"7,8 Kwp  in Kirdorf\" width=\"750\" height=\"422\" srcset=\"http:\/\/montage-allgaeu.de\/wp-content\/uploads\/2014\/06\/20140320_094948-1024x576.jpg 1024w, http:\/\/montage-allgaeu.de\/wp-content\/uploads\/2014\/06\/20140320_094948-300x169.jpg 300w\" sizes=\"auto, (max-width: 750px) 100vw, 750px\" \/><\/a><p id=\"caption-attachment-304\" class=\"wp-caption-text\">7,8 Kwp<br \/>in Kirdorf<\/p><\/div>\n<div id=\"attachment_303\" style=\"width: 760px\" class=\"wp-caption aligncenter\"><a href=\"http:\/\/montage-allgaeu.de\/wp-content\/uploads\/2014\/06\/IMG_0587.jpg\" rel=\"lightbox-9\"><img loading=\"lazy\" decoding=\"async\" aria-describedby=\"caption-attachment-303\" class=\"size-large wp-image-303\" src=\"http:\/\/montage-allgaeu.de\/wp-content\/uploads\/2014\/06\/IMG_0587-1024x768.jpg\" alt=\"2,3 Kwp Inselanlage im Wald ,,Bienenhaus&quot;\" width=\"750\" height=\"563\" srcset=\"http:\/\/montage-allgaeu.de\/wp-content\/uploads\/2014\/06\/IMG_0587-1024x768.jpg 1024w, http:\/\/montage-allgaeu.de\/wp-content\/uploads\/2014\/06\/IMG_0587-300x225.jpg 300w\" sizes=\"auto, (max-width: 750px) 100vw, 750px\" \/><\/a><p id=\"caption-attachment-303\" class=\"wp-caption-text\">2,3 Kwp Inselanlage im Wald ,,Bienenhaus&#8220;<\/p><\/div>\n","protected":false},"excerpt":{"rendered":"<p>&nbsp;<\/p>\n","protected":false},"author":1,"featured_media":0,"parent":9,"menu_order":0,"comment_status":"closed","ping_status":"closed","template":"","meta":{"footnotes":""},"class_list":["post-179","page","type-page","status-publish","hentry"],"_links":{"self":[{"href":"http:\/\/montage-allgaeu.de\/index.php?rest_route=\/wp\/v2\/pages\/179","targetHints":{"allow":["GET"]}}],"collection":[{"href":"http:\/\/montage-allgaeu.de\/index.php?rest_route=\/wp\/v2\/pages"}],"about":[{"href":"http:\/\/montage-allgaeu.de\/index.php?rest_route=\/wp\/v2\/types\/page"}],"author":[{"embeddable":true,"href":"http:\/\/montage-allgaeu.de\/index.php?rest_route=\/wp\/v2\/users\/1"}],"replies":[{"embeddable":true,"href":"http:\/\/montage-allgaeu.de\/index.php?rest_route=%2Fwp%2Fv2%2Fcomments&post=179"}],"version-history":[{"count":5,"href":"http:\/\/montage-allgaeu.de\/index.php?rest_route=\/wp\/v2\/pages\/179\/revisions"}],"predecessor-version":[{"id":293,"href":"http:\/\/montage-allgaeu.de\/index.php?rest_route=\/wp\/v2\/pages\/179\/revisions\/293"}],"up":[{"embeddable":true,"href":"http:\/\/montage-allgaeu.de\/index.php?rest_route=\/wp\/v2\/pages\/9"}],"wp:attachment":[{"href":"http:\/\/montage-allgaeu.de\/index.php?rest_route=%2Fwp%2Fv2%2Fmedia&parent=179"}],"curies":[{"name":"wp","href":"https:\/\/api.w.org\/{rel}","templated":true}]}}